 are the prime factors of (-86)/602 + (-60817)/(-7) - -5?
8693
Let p(l) be the third derivative of -9/2*l**3 + 0 + 23/24*l**4 + 26*l**2 + 0*l. List the prime factors of p(9).
2, 3, 5
Suppose 3*f - 95 = -m, 3*m - 3 = -f + 42. Let b = f - 35. What are the prime factors of b + 3 + -1 + 7*21?
2, 3
Suppose -123200 = -450*p + 386*p. What are the prime factors of p?
5, 7, 11
Suppose 23 = 6*n - 193. Suppose -n + 30 = -2*y. List the prime factors of 220 + -1*(y + 2).
5, 43
What are the prime factors of -84 + 95 + -5578*22/(-4)?
2, 3, 5, 11, 31
Let k(f) be the first derivative of 20 + 4/3*f**3 - 4*f**2 - 14*f. What are the prime factors of k(6)?
2, 41
Let x = -9 + 10. Suppose x = 3*c - 2, -c = 4*g - 17. What are the prime factors of (-220)/(-8)*g - 0?
2, 5, 11
Let d(p) = -15*p - 27 + 2*p**3 - 5*p**3 + p**3 + p**3 + 17*p**2. List the prime factors of d(14).
3, 13
Let z(y) = 948*y**2 - 14*y - 159. List the prime factors of z(-6).
3, 11351
Let p be 12/(-5 + 3) + 10. Suppose p*j + 5*v = 7*j - 393, 0 = 4*j + 5*v - 524. List the prime factors of j.
131
Let c(v) = 67884*v**2 - 15*v + 14. List the prime factors of c(1).
67883
Suppose 11*i + 1302 = 8*i. Let b = i + 261. Let t = -111 - b. What are the prime factors of t?
2, 31
Suppose 5*y = -5*y. Suppose c + 48 = -2*i, y*i - 3*c - 14 = i. Let z = i - -138. What are the prime factors of z?
2, 7
Let l(p) = 4*p**2 - 10*p + 14. Let v be l(4). Let q = -33 + v. Suppose 3*o + x = 5*o - 509, -q*o = x - 1269. List the prime factors of o.
2, 127
Let r = 45233 + 24298. List the prime factors of r.
3, 7, 11, 43
Let g(k) = -3*k**3 - 47*k**2 + 17*k + 33. Let f be g(-16). Suppose -f*y = -27*y + 12320. What are the prime factors of y?
2, 7, 11
Let c(z) = -15*z**2 + 3*z + 8. Let s(i) = 195*i**2 - 39*i - 105. Let t = -21 - -19. Let u(d) = t*s(d) - 27*c(d). List the prime factors of u(-2).
2, 3, 5
Suppose -6522*c + 281974 = -6500*c. List the prime factors of c.
7, 1831
Let o be ((-1)/(-2))/(2 - (-20)/(-8)). Let f(n) = -135*n + 7. Let j be f(o). Let g = j + 7. What are the prime factors of g?
149
Suppose -2 = -4*y + 14. Let r(w) = w**3 + 21*w**2 - 2*w - 38. Let q be r(-21). List the prime factors of (59 - (1 - q))/(2/y).
2, 31
Let l(t) = -2*t**3 + 6*t**2 + 7. Let w(k) = -k**3 - k - 1. Let i(p) = l(p) - 3*w(p). Let u be i(-5). List the prime factors of 1/((-5)/u*(-12)/177).
59
Suppose 0 = -4*s - 4*g + 125532, -3*s - 13450 + 107603 = 5*g. What are the prime factors of s?
7, 4483
Suppose 15*n = 2405 + 7765. Let l = n - 468. What are the prime factors of l?
2, 3, 5, 7
Suppose -4*l + 147348 = 5*m, 2*m = -305*l + 303*l + 73674. What are the prime factors of l?
3, 4093
Suppose 63*m - 99325 = 30*m + 28*m. List the prime factors of m.
5, 29, 137
Suppose -27810 = -5*m - c, -3*m + 155*c = 156*c - 16684. What are the prime factors of m?
5563
Let t(q) = 85*q**3 + 2*q**2 - 18*q + 12. What are the prime factors of t(5)?
10597
Let t(v) = -v**2 - 13*v - 1. Let u be t(-13). Let n be (2 + 1 + -123)/u. Suppose 28 = -4*g + n. List the prime factors of g.
23
Let u(b) = -345*b + 50. Let o be u(-2). Suppose -x + 30 = 4*r + 6, 2*r = -2*x + 18. Suppose -x*n + o = n. What are the prime factors of n?
2, 37
Let s(u) = -4*u**2 - 9*u - 29. Let z be s(-6). List the prime factors of (z/(-3))/(-9*(-1)/27).
7, 17
Suppose 19*z - 194393 + 142817 = 420897. What are the prime factors of z?
3, 307
Let o(q) = 3*q**3 + q**2 - 6*q + 6. Let h be o(1). What are the prime factors of (-43)/172 - (-3813)/h?
953
Suppose 145414 = 84*k - 286045 - 752605. What are the prime factors of k?
2, 881
Let y(l) = 2*l**2 + 33*l + 21. Let m(k) = -k**2 - 16*k - 11. Let b(n) = 7*m(n) + 4*y(n). Suppose -68 = -12*s - 408 + 40. List the prime factors of b(s).
2, 3, 11
Suppose -6*w + 261 + 315 = 0. Let j(b) = 5*b**2 - 7*b - 1. Let i be j(2). Suppose i*p - 491 = -d, 5*d + w = 3*p - 221. What are the prime factors of p?
3, 11
Suppose -5*q + 20 = 3*v, 4*q - 7*q - 3*v = -6. List the prime factors of (-122)/(-3 + 3 - 2/q).
7, 61
Let g be 7964/(-36) - -2*(-1)/(-9). Let t = -71 - g. List the prime factors of t.
2, 3, 5
Let v = -148 - -231. Suppose -v*k = -75*k - 2280. List the prime factors of k.
3, 5, 19
Let s = -1850 + 3043. Suppose -3*g + 3372 = -5*v + s, -v + 2936 = 4*g. List the prime factors of g.
733
Let h(m) = 37*m + 1. Let j be h(-1). Let p = j + 40. What are the prime factors of 72*(-7 + p + 4)?
2, 3
Let o be (-10)/4*(-2)/(-5) - -400. Let w = o - -35. List the prime factors of w.
2, 7, 31
Let o = 8861 - -7557. What are the prime factors of o?
2, 8209
Let o be (0 + 14)/((-2)/(-5680)*-4). List the prime factors of 3 - 1 - (o/(-7))/(-4).
3, 7, 17
Suppose 18 = b + n, -66 = -5*b + 2*n + n. Let l be 3 + -2 + -4 + 7. Let u = b + l. List the prime factors of u.
19
Let t = -56 - 125. Let h = 227 + t. List the prime factors of h.
2, 23
Let c(y) = -y**2 - 31*y - 12. Let l be c(-30). Let o(a) = -a**3 + 20*a**2 - 23*a - 21. What are the prime factors of o(l)?
3, 71
Let j = 3007 - -5252. What are the prime factors of j?
3, 2753
Let x = -91 + 95. Suppose p - 166 = -x*g, 10 = -2*g + 4. List the prime factors of p.
2, 89
Let f be (-2 - -8) + (-262 - 2). Let a = f - -813. List the prime factors of a.
3, 5, 37
Let h = -8893 - -17509. List the prime factors of h.
2, 3, 359
Suppose 4*d = -3*t + 142607, 27*d + 178270 = 32*d + 6*t. What are the prime factors of d?
2, 557
Let n be (-26)/(0 - -2) - 3/(-3). Let p(b) = -2*b**3 - 15*b**2 - 8*b - 14. What are the prime factors of p(n)?
2, 13, 53
What are the prime factors of (19019 - 1)*21/14?
3, 37, 257
Let q(m) = 2*m**2 + 6*m + 3. Let j be q(-6). Suppose -2*z = -j - 191. List the prime factors of z.
5, 23
Let k be (-3 - (-7998)/(-12))*-2. Suppose 5*a - k = -189. What are the prime factors of a?
2, 5, 23
Let c be 39 + 1 - (5 - 4). Let x = c - -412. Suppose -7*n + x = -606. List the prime factors of n.
151
Suppose -55010 = -4*h + 3*r, -54*r + 13747 = h - 52*r. List the prime factors of h.
13751
Let b(a) = -19*a - 30. Let u(d) = 2*d**3 - 32*d**2 - 2*d + 19. Let r be u(16). List the prime factors of b(r).
7, 31
Let g(z) = 14*z**3 + 2*z**2 + 2*z - 5. Let o(x) = -27*x**3 - 4*x**2 - 5*x + 11. Let f(c) = -5*g(c) - 2*o(c). List the prime factors of f(-3).
3, 139
Suppose 10*f = 3*f - 882. Let j be 11571/f + 1/(-6). Let v = 200 + j. List the prime factors of v.
2, 3
Suppose 3*u - 14 = w - 3, 0 = 4*u - 20. Suppose w*k - 13*k = -2862. Suppose 43*s = 46*s - k. List the prime factors of s.
2, 53
List the prime factors of 2/(14/104935) + 74/259.
3, 19, 263
Let y(d) = 618*d**3 + 60*d**2 - 11*d - 1. List the prime factors of y(4).
3, 7, 41, 47
Let o = -8589 + 33157. What are the prime factors of o?
2, 37, 83
Let j(c) = c**2 + 9*c + 10. Suppose -4*i + 388 = -5*q, -q + 0*i = -4*i + 68. Let y be 3/1*(q/15)/2. List the prime factors of j(y).
2
Suppose -3*b + 20055 = i, 17*i - 13*i = -4*b + 26748. List the prime factors of b.
2, 3, 557
Suppose 0 = 5*r + 2*q - 137771, 71*r + 3*q = 67*r + 110207. What are the prime factors of r?
17, 1621
Suppose -5*h = -o - 18, -2*o + 23*h - 16 = 18*h. Suppose 0 = o*r - 754 - 1106. What are the prime factors of r?
2, 3, 5, 31
Suppose 27*q = -7*q + q. Suppose q = -n + 97 + 550. List the prime factors of n.
647
List the prime factors of (-6 - (3 + (1 - 14))) + 8767.
7, 179
Let d = -180 - -184. Suppose 4*p + p - 2100 = -5*x, d*p + x = 1689. What are the prime factors of p?
3, 47
Suppose 38*g - 23832 = 1096. List the prime factors of g - (-1 + 5 + -7)/(-3).
5, 131
Suppose -4*q - 16 = 0, 12819 - 145615 = -4*x - 12*q. List the prime factors of x.
33211
Suppose -d = -5*h + 86, 5*h + d - 27 - 67 = 0. List the prime factors of (534/h)/((-7)/(-63)).
3, 89
What are the prime factors of (12/(-10))/((-3423762)/171180 + 20)?
2, 317
Let t(n) = -2*n**2 + 13*n - 11. Let g be t(5). Suppose g*h + 1717 = 6*h + 3*l, -h + 876 = -2*l. List the prime factors of h.
2, 433
Let p(y) = 2*y**3 - 5*y**2 + 23*y - 37. Let s be p(9). Let v = 48 + s. List the prime factors of v.
31, 41
Let l = -42 - -47. Suppose -3*n + 1151 = -l*j, 271 + 874 = 3*n + j. What are the prime factors of n?
2, 191
Let b(d) = 329*d**2 - 12*d - 13. Let q(i) = i**3 + 6*i**2 - 1. Let m be q(-6). List the prime factors of b(m).
2, 41
Let d(p) = -p**3 + 11*p**2 - 10*p - 2. Let u be (-10)/55 + 2/11 - -9. Let h be d(u). Su